9
Let h(c) = c**3 - 8*c**2 + 12*c - 27. Let w be h(7). Calculate the remainder when -113*(w/20)/(12/(-30)) is divided by 6.
5
Let h = 21465 - 21344. What is the remainder when 845 is divided by h?
119
Suppose -25 = 5*v + 2*x + 42, 3*v + 37 = 2*x. Let f(h) = -11*h - 70. What is the remainder when 159 is divided by f(v)?
13
Suppose 25*i + 39*i = 768. Calculate the remainder when 836 is divided by i.
8
Let n(g) = g**3 + 15*g**2 - 3*g - 30. Let i = -5 + 1. What is the remainder when (i - (2 + -5))*-23 is divided by n(-15)?
8
Let g(p) = -p**2 - 44*p + 938. Calculate the remainder when g(-55) is divided by 42.
39
Suppose 4*t + 7 = 3*b, -4*b - 4*t = 1 - 29. Suppose -y + 2*h + 2 = -3, 0 = b*h + 5. What is the remainder when -1*2*(-195)/10 is divided by y?
0
Let h(w) = -5*w**3 + 10*w**2 - 34*w - 285. Calculate the remainder when h(-6) is divided by 8.
7
Suppose 23 = 9*a + 5. Suppose 0 = -2*c + a*r + 2*r + 46, c - 26 = 3*r. What is the remainder when 252 is divided by c?
14
Let r = -44 + 65. Suppose -13*h - 120 = -r*h. Calculate the remainder when h is divided by ((-48)/15)/((-4)/10).
7
Suppose 0*n - n - 13 = 0. Let d = 23 + n. Calculate the remainder when -2*(-78)/(-3)*12/(-8) - 1 is divided by d.
7
Suppose -4*h - 5*p + 50 = 0, h - 28 = -2*h + p. Suppose -8*s = -h*s + 20. Let l = s + 58. Calculate the remainder when l is divided by 10.
8
Suppose 1193*u - 84 = 1190*u + r, u = 5*r + 28. Calculate the remainder when 3232 is divided by u.
12
Suppose 20*n - 90*n + 229264 = 19*n. Calculate the remainder when n is divided by 136.
128
Let y(p) = -p**3 + 10*p**2 + p - 45. What is the remainder when y(5) is divided by 55?
30
Suppose 118*s + 4*q = 123*s - 2754, -2*s + 1080 = 2*q. Calculate the remainder when 575 is divided by s.
29
Suppose -144*y + 188*y = 572. Calculate the remainder when 1147 is divided by y.
3
Let a = 3 + -25. Let k = 55 + a. What is the remainder when 121 is divided by k?
22
Let g(t) = -38*t - 804. What is the remainder when g(-36) is divided by 63?
60
Suppose 2*w = 7*w - 110. Suppose w*c - 335 = 61. Calculate the remainder when 82 is divided by c.
10
Let d = 3872 - 3658. Calculate the remainder when 7059 is divided by d.
211
Calculate the remainder when (-11)/(385/(-2490)) - 2/14 is divided by ((-148)/12*-1)/((-5)/(-15)).
34
What is the remainder when 180 is divided by (-220 - 0)*(60/(-50) + (-44)/(-55))?
4
Let r be (2046/4)/(-3*11/(-44)). Suppose -538 = -5*n + r. Calculate the remainder when n is divided by 31.
27
Suppose -2*i - 3*m + 96 = 4*i, 3*m = -3*i + 45. Calculate the remainder when 213 is divided by i.
9
Let n = -6 + 30. Suppose -6*g - n + 312 = 0. Suppose -g*q = -42*q - 216. Calculate the remainder when q is divided by 10.
6
Suppose -7*j - 314 = -524. Calculate the remainder when 34 is divided by j.
4
Suppose 3*k - 6 = 0, 4*p + 4*k - 93 = 43. Suppose 0 = 276*s - 324*s + 384. What is the remainder when 114 is divided by 226/s - (-24)/p?
27
Let l = 421 + -305. Suppose 0 = -4*q - l + 244. What is the remainder when 49 is divided by q?
17
Let x(l) = -l**2 - 8*l - 10. Let p be x(-6). Let n = p - -19. Calculate the remainder when ((-196)/(-63))/(3/27) is divided by n.
7
Let k(g) = -52*g**3 + 225*g + 227. Suppose y - 3*n - 7 = 1, -5*y = n - 72. Calculate the remainder when k(-1) is divided by y.
12
Let g(u) = 6*u - 49. Let i be g(9). Let z(n) = n**3 - 5*n**2 + 2*n - 3. Let x be z(i). Let y(r) = 5*r - 23. Calculate the remainder when 46 is divided by y(x).
10
Let v = 201 - 108. What is the remainder when 12 is divided by (-1)/6 + (0 - v/(-18))?
2
Let f(g) = -4*g + 84. Suppose 0 = -5*z + 3*v - 6*v + 58, z + 4*v + 2 = 0. What is the remainder when 247 is divided by f(z)?
23
Let h(a) = -a**2 + 2*a - 2. Let n be h(0). Let b be 371/14 - (n/(-4) - 1). Let s = 62 + b. Calculate the remainder when s is divided by 30.
29
Suppose 16*i - 21 = 9 + 2. Let x(q) be the third derivative of q**5/12 - 2*q**3/3 + q**2. Calculate the remainder when x(i) is divided by 3.
1
Suppose 2*i = -5*j + 149, 6*j + 2*i = 3*j + 91. Suppose -20 = -4*b, -z - 3*b - 17 + 49 = 0. What is the remainder when j is divided by z?
12
Suppose 4*d - 887 = -515. Calculate the remainder when d is divided by 15.
3
Let m = 178 - 106. Suppose 2*t = n - 84, 5*n = -t - 0*t + 475. Suppose 3*b + 86 = 2*g, b = 2*g - 4*b - n. What is the remainder when m is divided by g?
35
Let a be (-14)/(-35)*(-2130)/12. Let x = -20 - a. Calculate the remainder when x is divided by 30.
21
Suppose 2 = h, 4*p - 2*h - 91 = 5. Suppose 561 = 2*a + 553. Suppose 0 = 2*y - 36 + a. What is the remainder when p is divided by y?
9
Suppose -6 = 2*c + d, -2*c - 3 + 7 = -4*d. What is the remainder when 17 is divided by c/4 + (-330)/(-44)?
3
Let s(g) = -4*g**3 + 11*g**2 - 62*g + 8. Let a be s(4). Let h be -175 - 3/(6/4). Let f = h - a. Calculate the remainder when f is divided by 48.
47
Suppose -5*h = 5*b - 13620, 12662 = 5*h - 3*b - 982. Calculate the remainder when h is divided by 5.
2
Let k(c) = -c**3 + 24*c - 2. Let s be k(5). Let t(z) = 2*z**2 + 14*z + 5. Let l be t(s). Suppose l*u = 138 + 47. What is the remainder when u is divided by 13?
11
Suppose -365*x + 30*x + 284415 = 0. What is the remainder when x is divided by 116?
37
Let n = -194 - 1391. Calculate the remainder when 202 is divided by 10/55 - -1*n/(-55).
28
Suppose 0 = -3*l + 8*c - 6*c - 714, -2*l - c = 476. Let a = -213 - l. Calculate the remainder when a is divided by 3.
1
Suppose -4870 + 1435 = -229*y. What is the remainder when 10/4*(4 + 18) is divided by y?
10
Let h(l) = 16*l**2 + 205*l - 15. Calculate the remainder when 70 is divided by h(-13).
22
What is the remainder when -2599*(45/(-27)*(-1 - -4) - -4) is divided by 124?
119
Suppose -x - 5*v - 2088 = -2121, x - 5*v = 13. Calculate the remainder when 139 is divided by x.
1
What is the remainder when (178/10 - -3)/(3/(135/6)) is divided by (2*2)/(2/4)?
4
Suppose 4*k = 5*i + 711, -21*i = -2*k - 25*i + 362. Calculate the remainder when 486 is divided by k.
128
Suppose -2*v + 61*w - 57*w + 156 = 0, 3*v = 3*w + 264. Let i(u) = 5*u**2 - 5*u + 4. Calculate the remainder when v is divided by i(3).
30
Let p = 1245 + -844. Let c = p + -77. Calculate the remainder when c is divided by 65.
64
Suppose -77 = -4*d + 121*o - 118*o, -3*d + 74 = o. Let i(s) = -s**3 - s**2 - 6*s - 5. Suppose -2*f - 5 = 3. What is the remainder when i(f) is divided by d?
21
Let n = 1497 + -1510. Let y = 1 - 2. What is the remainder when 22 is divided by n*(0 + y) - (3 + -2)?
10
Let h be (2/6)/(9/4293). Suppose -5*b + a + 932 = 241, b - h = -5*a. Calculate the remainder when b is divided by 10.
9
Suppose 2*f + f = 2*s + 8, 2*f - 3*s = 12. Suppose -26*o + 38*o - 1056 = f. Calculate the remainder when o is divided by 23.
19
Let x be (137 - -4) + -2 + 1. Let z = 364 - x. Suppose -z = -3*m - w, -5*w = 4*m - 280 - 37. Calculate the remainder when m is divided by 15.
13
Let c(a) = -a**3 + 20*a**2 - 14*a - 87. Suppose -4*q - 12 = -4*h - 0, 2*h + 5*q = -15. What is the remainder when h + ((-9)/3 - -88) is divided by c(19)?
5
Let d = -14815 + 16373. What is the remainder when d is divided by 13?
11
Calculate the remainder when ((-81)/12)/((-88)/30624) is divided by 112.
109
Suppose -19 - 13 = -8*n. Let v(k) = -k**3 + 5*k**2 + 4*k - 10. Calculate the remainder when 35 is divided by v(n).
13
Let o(m) = -14*m + 376. Calculate the remainder when 764 is divided by o(0).
12
Let u(j) = 3*j + 52. Let z be 15/(-6)*16/(-10). Suppose z*m = -0*m + 8, -5*o = m - 57. Calculate the remainder when u(0) is divided by o.
8
Let h = -11725 + 11751. What is the remainder when 3/(-1) + 2 - -95 is divided by h?
16
Suppose 2*o + 460 = -3*r - 89, -2*o = 2*r + 368. Let q = 190 + r. Let g = 9 + 0. Calculate the remainder when q is divided by g.
0
Suppose -374*d = -449*d + 3300. What is the remainder when 4487 is divided by d?
43
Suppose -q - 2*p = 41 - 133, -5*q = p - 505. Calculate the remainder when q is divided by 14.
4
Let j = -8243 - -8261. Calculate the remainder when 5379 is divided by j.
15
Let f(c) = -17*c + 7. Let o be f(1). Let x be 5*o/(-125)*5. Let y(j) = 30*j - 4. Calculate the remainder when y(x) is divided by 30.
26
Suppose -5*r = k - 1247, 2*k + 5*r = 943 + 1556. Calculate the remainder when k is divided by 180.
172
Let w(c) = c**2 - 2. Suppose -12*a = 